{"id":1540,"date":"2022-11-18T13:32:32","date_gmt":"2022-11-18T13:32:32","guid":{"rendered":"https:\/\/traveleto.com\/viajes\/?post_type=product&#038;p=1540"},"modified":"2025-12-22T18:08:34","modified_gmt":"2025-12-22T18:08:34","slug":"experiencia-cuba","status":"publish","type":"product","link":"https:\/\/traveleto.com\/viajes\/producto\/experiencia-cuba\/","title":{"rendered":"Tour de 7 d\u00edas por La Habana, Vi\u00f1ales y Varadero"},"content":{"rendered":"<div>\n<div>\n<p>Los hist\u00f3ricos edificios de La Habana, la cultura rural de Vi\u00f1ales y las id\u00edlicas playas de Varadero.\u00a0<strong>\u00a17 d\u00edas y mucho por descubrir!<\/strong><\/p>\n<\/div>\n<div>\n<div>\n<h2>\ud83d\udc49Itinerario<\/h2>\n<h3>\ud83e\udded Dia 1: La Habana &#8211; Vi\u00f1ales<\/h3>\n<p>Os recogeremos a vuestra llegada en el\u00a0<strong>aeropuerto de La Habana\u00a0<\/strong>y pondremos rumbo a\u00a0<strong>Vi\u00f1ales<\/strong>, ciudad situada a aproximadamente dos horas y media de trayecto. Una vez all\u00ed, os acompa\u00f1aremos hasta el alojamiento en esta localidad.<\/p>\n<h3>\ud83e\udded D\u00eda 2: Vi\u00f1ales<\/h3>\n<p>Comenzaremos el d\u00eda disfrutando del desayuno. A las 9:00 horas dejaremos el hotel para recorrer<strong>\u00a0el Valle de Vi\u00f1ales<\/strong>. Haremos una primera parada en\u00a0<strong>el Mirador Los Jazmines<\/strong>\u00a0y pasaremos por el Valle de Dos Hermanas, donde contemplaremos el\u00a0<strong>Mural de la Prehistoria<\/strong>. \u00bfSab\u00edais que est\u00e1 pintado en la ladera de una monta\u00f1a?<\/p>\n<p>Pasearemos por un campo de tabaco y visitaremos la\u00a0<strong>casa de un campesino local<\/strong>. \u00a1Incluso podremos tomar caf\u00e9 con \u00e9l! Continuaremos el tour en\u00a0<strong>el Palenque de los Cimarrones<\/strong>, donde regresaremos a los tiempos de los esclavos del siglo XIX. Adem\u00e1s, daremos un paseo en bote para descubrir<strong>\u00a0la emblem\u00e1tica Cueva del Indio<\/strong>.<\/p>\n<p>Despu\u00e9s almorzaremos en\u00a0<strong>un restaurante t\u00edpico<\/strong>\u00a0y regresaremos al alojamiento de Vi\u00f1ales.<\/p>\n<h3>\ud83e\udded D\u00eda 3: Vi\u00f1ales &#8211; La Habana<\/h3>\n<p>Tras el desayuno, atravesaremos el paisaje cubano durante unas dos horas para llegar a\u00a0<strong>La Habana.<\/strong>\u00a0Dispondr\u00e9is de la tarde libre para explorar la ciudad. A las 19:00 horas, nos volveremos a reunir para descubrir\u00a0<strong>el Paseo del Prado, el Parque Central y el Capitolio<\/strong>.<\/p>\n<p>Subiremos a\u00a0<strong>un coche cl\u00e1sico de los a\u00f1os 50<\/strong>\u00a0para recorrer las calles m\u00e1s antiguas de la capital. \u00bfDestino?<strong>\u00a0La Fortaleza de San Carlos de la Caba\u00f1a<\/strong>. Llegaremos justo a tiempo para presenciar una de las tradiciones m\u00e1s arraigadas de La Habana: la\u00a0<strong>Ceremonia del Ca\u00f1onazo<\/strong>\u00a0de las 21:00 horas. \u00a1Se celebra desde el siglo XVIII!<\/p>\n<p>Finalmente, regresaremos al alojamiento para hacer noche en la capital cubana.<\/p>\n<h3>\ud83e\udded D\u00eda 4: La Habana<\/h3>\n<p>Desayunaremos y dejaremos el hotel para descubrir la llamada<strong>\u00a0Habana Vieja<\/strong>. Mientras paseamos junto al\u00a0<strong>Capitolio, el Gran Teatro, el edificio Bacard\u00ed, la Plaza Vieja<\/strong>\u00a0y el emblem\u00e1tico Hotel Ambos Mundos viajaremos en el tiempo, desde la \u00e9poca colonial hasta la Revoluci\u00f3n y el presente de la ciudad. \u00bfSab\u00edais que fue declarada\u00a0<strong>Patrimonio de la Humanidad en 1982<\/strong>?<\/p>\n<p>Despu\u00e9s, regresaremos al alojamiento. Tendr\u00e9is la tarde libre.<\/p>\n<h3>\ud83e\udded D\u00edas 5 y 6: La Habana &#8211; Varadero<\/h3>\n<p>Diremos adi\u00f3s a las calles de La Habana para dirigirnos a\u00a0<strong>Varadero<\/strong>, a dos horas de trayecto. Una vez estemos en la ciudad nos dirigiremos al alojamiento, en el que tendr\u00e9is\u00a0<strong>todo incluido<\/strong>. Dispondr\u00e9is de los dos pr\u00f3ximos d\u00edas libres para relajaros en la que muchos llaman \u00ab<strong>la playa m\u00e1s grande del mundo<\/strong>\u00ab.<\/p>\n<h3>\ud83e\udded D\u00eda 7: Varadero &#8211; La Habana<\/h3>\n<p>Despu\u00e9s del desayuno, pondremos rumbo a\u00a0<strong>La Habana<\/strong>. All\u00ed os acompa\u00f1aremos al aeropuerto para dar por concluido el tour.<\/p>\n<h2>\ud83d\udc49Alojamiento<\/h2>\n<ul>\n<li>Durante las dos noches que pasaremos en\u00a0<strong>Vi\u00f1ales<\/strong>\u00a0y las dos que nos quedaremos en\u00a0<strong>La Habana<\/strong>, nos alojaremos en casas particulares. Se trata de un tipo de alojamiento muy popular en Cuba y ofrece a los turistas habitaci\u00f3n y desayuno durante los d\u00edas que necesiten. \u00a1La Cuba m\u00e1s aut\u00e9ntica!<\/li>\n<li>Durante las dos noches que pasaremos en\u00a0<strong>Varadero<\/strong>, nos alojaremos en un hotel de 4 estrellas en r\u00e9gimen de todo incluido.<\/li>\n<\/ul>\n<\/div>\n<\/div>\n<\/div>\n<div data-gtm-vis-first-on-screen-7420407_30=\"390\" data-gtm-vis-first-on-screen-7420407_35=\"390\" data-gtm-vis-total-visible-time-7420407_35=\"2000\" data-gtm-vis-has-fired-7420407_35=\"1\" data-gtm-vis-total-visible-time-7420407_30=\"2000\" data-gtm-vis-recent-on-screen-7420407_30=\"116948\" data-gtm-vis-has-fired-7420407_30=\"1\">\n<div>\n<h2>\ud83d\udc49Precio<\/h2>\n<div><\/div>\n<\/div>\n<\/div>\n<div style=\"text-align: center;\"><script>function loadScript(url, callback){var script=document.createElement('script'); script.type='text\/javascript'; if (script.readyState){script.onreadystatechange=function(){if (script.readyState=='loaded' || script.readyState=='complete'){script.onreadystatechange=null; callback();}};}else{script.onload=function(){callback();};}script.src=url; document.getElementsByTagName('head')[0].appendChild(script);}loadScript('https:\/\/cdn2.civitatis.com\/js\/vendor\/iframeResizer.min.js', function(){iFrameResize({checkOrigin:false,initCallback:function(iframe){setTimeout(function(){var resizeEvent = window.document.createEvent('UIEvents'); resizeEvent.initUIEvent('resize', true, false, window, 0); iframe.dispatchEvent(resizeEvent);});}})})<\/script><iframe class=\"civitatis-iframe\" style=\"max-width: 100%;\" src=\"https:\/\/www.civitatis.com\/widget-activities\/?affiliated=5209&amp;display=comfort&amp;cant=1&amp;lang=es&amp;currency=EUR&amp;destination=155&amp;activities=58744&amp;transfer=0&amp;cmp=Widget_La_Habana_ES&amp;width=100%&amp;hideButton=0&amp;centerContent=1&amp;typeSelection=manual&amp;color=f75d00&amp;typography=Montserrat&amp;removeBackground=1&amp;showShadow=1&amp;roundedButtons=1\" width=\"100%\" frameborder=\"0\" data-maxwidth=\"100%\"><\/iframe><\/div>\n","protected":false},"excerpt":{"rendered":"<p>Los hist\u00f3ricos edificios de La Habana, la cultura rural de Vi\u00f1ales y las id\u00edlicas playas de Varadero. \u00a17 d\u00edas y mucho por descubrir!<\/p>\n","protected":false},"featured_media":1402,"comment_status":"open","ping_status":"closed","template":"","meta":[],"product_cat":[67,69],"product_tag":[],"yoast_head":"<!-- This site is optimized with the Yoast SEO plugin v17.6 - https:\/\/yoast.com\/wordpress\/plugins\/seo\/ -->\n<title>Tour de 7 d\u00edas por La Habana, Vi\u00f1ales y Varadero &mdash; Traveleto<\/title>\n<meta name=\"robots\" content=\"noindex, follow\" \/>\n<meta property=\"og:locale\" content=\"es_ES\" \/>\n<meta property=\"og:type\" content=\"article\" \/>\n<meta property=\"og:title\" content=\"Tour de 7 d\u00edas por La Habana, Vi\u00f1ales y Varadero &mdash; Traveleto\" \/>\n<meta property=\"og:description\" content=\"Los hist\u00f3ricos edificios de La Habana, la cultura rural de Vi\u00f1ales y las id\u00edlicas playas de Varadero. \u00a17 d\u00edas y mucho por descubrir!\" \/>\n<meta property=\"og:url\" content=\"https:\/\/traveleto.com\/viajes\/producto\/experiencia-cuba\/\" \/>\n<meta property=\"og:site_name\" content=\"Traveleto\" \/>\n<meta property=\"article:publisher\" content=\"https:\/\/www.facebook.com\/traveleto\" \/>\n<meta property=\"article:modified_time\" content=\"2025-12-22T18:08:34+00:00\" \/>\n<meta name=\"twitter:card\" content=\"summary_large_image\" \/>\n<meta name=\"twitter:image\" content=\"https:\/\/traveleto.com\/viajes\/wp-content\/uploads\/2022\/11\/capitolio-obras.webp\" \/>\n<meta name=\"twitter:label1\" content=\"Tiempo de lectura\" \/>\n\t<meta name=\"twitter:data1\" content=\"3 minutos\" \/>\n<script type=\"application\/ld+json\" class=\"yoast-schema-graph\">{\"@context\":\"https:\/\/schema.org\",\"@graph\":[{\"@type\":\"Organization\",\"@id\":\"https:\/\/traveleto.com\/viajes\/#organization\",\"name\":\"Traveleto\",\"url\":\"https:\/\/traveleto.com\/viajes\/\",\"sameAs\":[\"https:\/\/www.facebook.com\/traveleto\",\"https:\/\/www.instagram.com\/traveletocom\/\"],\"logo\":{\"@type\":\"ImageObject\",\"@id\":\"https:\/\/traveleto.com\/viajes\/#logo\",\"inLanguage\":\"es\",\"url\":\"https:\/\/traveleto.com\/viajes\/wp-content\/uploads\/2021\/11\/traveleto480.png\",\"contentUrl\":\"https:\/\/traveleto.com\/viajes\/wp-content\/uploads\/2021\/11\/traveleto480.png\",\"width\":480,\"height\":480,\"caption\":\"Traveleto\"},\"image\":{\"@id\":\"https:\/\/traveleto.com\/viajes\/#logo\"}},{\"@type\":\"WebSite\",\"@id\":\"https:\/\/traveleto.com\/viajes\/#website\",\"url\":\"https:\/\/traveleto.com\/viajes\/\",\"name\":\"Traveleto\",\"description\":\"En Traveleto.com encontrar\\u00e1s ofertas y chollos de viaje adem\\u00e1s de inspiraci\\u00f3n para tu pr\\u00f3xima escapada.\",\"publisher\":{\"@id\":\"https:\/\/traveleto.com\/viajes\/#organization\"},\"potentialAction\":[{\"@type\":\"SearchAction\",\"target\":{\"@type\":\"EntryPoint\",\"urlTemplate\":\"https:\/\/traveleto.com\/viajes\/?s={search_term_string}\"},\"query-input\":\"required name=search_term_string\"}],\"inLanguage\":\"es\"},{\"@type\":\"ImageObject\",\"@id\":\"https:\/\/traveleto.com\/viajes\/producto\/experiencia-cuba\/#primaryimage\",\"inLanguage\":\"es\",\"url\":\"https:\/\/traveleto.com\/viajes\/wp-content\/uploads\/2022\/11\/capitolio-obras.webp\",\"contentUrl\":\"https:\/\/traveleto.com\/viajes\/wp-content\/uploads\/2022\/11\/capitolio-obras.webp\",\"width\":780,\"height\":521,\"caption\":\"Capitolio de La Habana\"},{\"@type\":\"WebPage\",\"@id\":\"https:\/\/traveleto.com\/viajes\/producto\/experiencia-cuba\/#webpage\",\"url\":\"https:\/\/traveleto.com\/viajes\/producto\/experiencia-cuba\/\",\"name\":\"Tour de 7 d\\u00edas por La Habana, Vi\\u00f1ales y Varadero &mdash; Traveleto\",\"isPartOf\":{\"@id\":\"https:\/\/traveleto.com\/viajes\/#website\"},\"primaryImageOfPage\":{\"@id\":\"https:\/\/traveleto.com\/viajes\/producto\/experiencia-cuba\/#primaryimage\"},\"datePublished\":\"2022-11-18T13:32:32+00:00\",\"dateModified\":\"2025-12-22T18:08:34+00:00\",\"breadcrumb\":{\"@id\":\"https:\/\/traveleto.com\/viajes\/producto\/experiencia-cuba\/#breadcrumb\"},\"inLanguage\":\"es\",\"potentialAction\":[{\"@type\":\"ReadAction\",\"target\":[\"https:\/\/traveleto.com\/viajes\/producto\/experiencia-cuba\/\"]}]},{\"@type\":\"BreadcrumbList\",\"@id\":\"https:\/\/traveleto.com\/viajes\/producto\/experiencia-cuba\/#breadcrumb\",\"itemListElement\":[{\"@type\":\"ListItem\",\"position\":1,\"name\":\"Portada\",\"item\":\"https:\/\/traveleto.com\/viajes\/\"},{\"@type\":\"ListItem\",\"position\":2,\"name\":\"\"},{\"@type\":\"ListItem\",\"position\":3,\"name\":\"Tour de 7 d\\u00edas por La Habana, Vi\\u00f1ales y Varadero\"}]}]}<\/script>\n<!-- \/ Yoast SEO plugin. -->","yoast_head_json":{"title":"Tour de 7 d\u00edas por La Habana, Vi\u00f1ales y Varadero &mdash; Traveleto","robots":{"index":"noindex","follow":"follow"},"og_locale":"es_ES","og_type":"article","og_title":"Tour de 7 d\u00edas por La Habana, Vi\u00f1ales y Varadero &mdash; Traveleto","og_description":"Los hist\u00f3ricos edificios de La Habana, la cultura rural de Vi\u00f1ales y las id\u00edlicas playas de Varadero. \u00a17 d\u00edas y mucho por descubrir!","og_url":"https:\/\/traveleto.com\/viajes\/producto\/experiencia-cuba\/","og_site_name":"Traveleto","article_publisher":"https:\/\/www.facebook.com\/traveleto","article_modified_time":"2025-12-22T18:08:34+00:00","twitter_card":"summary_large_image","twitter_image":"https:\/\/traveleto.com\/viajes\/wp-content\/uploads\/2022\/11\/capitolio-obras.webp","twitter_misc":{"Tiempo de lectura":"3 minutos"},"schema":{"@context":"https:\/\/schema.org","@graph":[{"@type":"Organization","@id":"https:\/\/traveleto.com\/viajes\/#organization","name":"Traveleto","url":"https:\/\/traveleto.com\/viajes\/","sameAs":["https:\/\/www.facebook.com\/traveleto","https:\/\/www.instagram.com\/traveletocom\/"],"logo":{"@type":"ImageObject","@id":"https:\/\/traveleto.com\/viajes\/#logo","inLanguage":"es","url":"https:\/\/traveleto.com\/viajes\/wp-content\/uploads\/2021\/11\/traveleto480.png","contentUrl":"https:\/\/traveleto.com\/viajes\/wp-content\/uploads\/2021\/11\/traveleto480.png","width":480,"height":480,"caption":"Traveleto"},"image":{"@id":"https:\/\/traveleto.com\/viajes\/#logo"}},{"@type":"WebSite","@id":"https:\/\/traveleto.com\/viajes\/#website","url":"https:\/\/traveleto.com\/viajes\/","name":"Traveleto","description":"En Traveleto.com encontrar\u00e1s ofertas y chollos de viaje adem\u00e1s de inspiraci\u00f3n para tu pr\u00f3xima escapada.","publisher":{"@id":"https:\/\/traveleto.com\/viajes\/#organization"},"potentialAction":[{"@type":"SearchAction","target":{"@type":"EntryPoint","urlTemplate":"https:\/\/traveleto.com\/viajes\/?s={search_term_string}"},"query-input":"required name=search_term_string"}],"inLanguage":"es"},{"@type":"ImageObject","@id":"https:\/\/traveleto.com\/viajes\/producto\/experiencia-cuba\/#primaryimage","inLanguage":"es","url":"https:\/\/traveleto.com\/viajes\/wp-content\/uploads\/2022\/11\/capitolio-obras.webp","contentUrl":"https:\/\/traveleto.com\/viajes\/wp-content\/uploads\/2022\/11\/capitolio-obras.webp","width":780,"height":521,"caption":"Capitolio de La Habana"},{"@type":"WebPage","@id":"https:\/\/traveleto.com\/viajes\/producto\/experiencia-cuba\/#webpage","url":"https:\/\/traveleto.com\/viajes\/producto\/experiencia-cuba\/","name":"Tour de 7 d\u00edas por La Habana, Vi\u00f1ales y Varadero &mdash; Traveleto","isPartOf":{"@id":"https:\/\/traveleto.com\/viajes\/#website"},"primaryImageOfPage":{"@id":"https:\/\/traveleto.com\/viajes\/producto\/experiencia-cuba\/#primaryimage"},"datePublished":"2022-11-18T13:32:32+00:00","dateModified":"2025-12-22T18:08:34+00:00","breadcrumb":{"@id":"https:\/\/traveleto.com\/viajes\/producto\/experiencia-cuba\/#breadcrumb"},"inLanguage":"es","potentialAction":[{"@type":"ReadAction","target":["https:\/\/traveleto.com\/viajes\/producto\/experiencia-cuba\/"]}]},{"@type":"BreadcrumbList","@id":"https:\/\/traveleto.com\/viajes\/producto\/experiencia-cuba\/#breadcrumb","itemListElement":[{"@type":"ListItem","position":1,"name":"Portada","item":"https:\/\/traveleto.com\/viajes\/"},{"@type":"ListItem","position":2,"name":""},{"@type":"ListItem","position":3,"name":"Tour de 7 d\u00edas por La Habana, Vi\u00f1ales y Varadero"}]}]}},"_links":{"self":[{"href":"https:\/\/traveleto.com\/viajes\/wp-json\/wp\/v2\/product\/1540"}],"collection":[{"href":"https:\/\/traveleto.com\/viajes\/wp-json\/wp\/v2\/product"}],"about":[{"href":"https:\/\/traveleto.com\/viajes\/wp-json\/wp\/v2\/types\/product"}],"replies":[{"embeddable":true,"href":"https:\/\/traveleto.com\/viajes\/wp-json\/wp\/v2\/comments?post=1540"}],"wp:featuredmedia":[{"embeddable":true,"href":"https:\/\/traveleto.com\/viajes\/wp-json\/wp\/v2\/media\/1402"}],"wp:attachment":[{"href":"https:\/\/traveleto.com\/viajes\/wp-json\/wp\/v2\/media?parent=1540"}],"wp:term":[{"taxonomy":"product_cat","embeddable":true,"href":"https:\/\/traveleto.com\/viajes\/wp-json\/wp\/v2\/product_cat?post=1540"},{"taxonomy":"product_tag","embeddable":true,"href":"https:\/\/traveleto.com\/viajes\/wp-json\/wp\/v2\/product_tag?post=1540"}],"curies":[{"name":"wp","href":"https:\/\/api.w.org\/{rel}","templated":true}]}}